
5
Suppose 2*t + 3 - 9 = 0. Suppose 53*x - 152 = 44 - 37. Calculate the highest common divisor of x and t.
3
Let r = 53 - 32. Let c = r - -134. Suppose -5*m + 137 = 4*o - 4*m, 2*m = 5*o - c. Calculate the highest common factor of 3 and o.
3
Let i(v) = -4*v + 1. Let u be i(-6). Suppose -4*k = -3*o - u, -2*o = 4*k + k - 37. Suppose 125 = -2*z + k*z. What is the highest common divisor of z and 10?
5
Suppose -4*z - 168 = -12*z. What is the highest common factor of z and 399?
21
Let w = -1901 + 2209. Suppose -5 + 117 = 4*g. Calculate the greatest common divisor of w and g.
28
Let m = -10 + 12. Suppose m*i + 19 = 115. Suppose 3 = -3*q + i. What is the highest common factor of q and 135?
15
Suppose 2*f = 3*x - 32, -5*x = 5*f - 0*f - 95. Suppose -64 = 3*v - 7*v. Let z = v + 19. What is the highest common divisor of z and x?
7
Let j = 2532 - 2527. Calculate the greatest common divisor of 16 and j.
1
Let u be 28 + (4 - (-2 - -8))*2. What is the highest common factor of u and 162?
6
Let l(a) = 2*a**2 + 52*a - 162. Let b be l(-29). What is the highest common divisor of 2916 and b?
12
Suppose 0 = -3*d - 3*q + 297, 4*q = 17 - 1. Calculate the greatest common divisor of d and 20.
5
Let k = -213 + 222. Calculate the greatest common factor of k and 48.
3
Let j = 189 - 168. Calculate the greatest common factor of 42 and j.
21
Let q = -378 + 813. Let h be q/10 + (-3)/(-2). What is the highest common divisor of h and 5?
5
Let q(d) = -42*d - 11. Let f(l) = -l**3 - 11*l**2 - 19*l - 10. Let x be f(-9). Let z be q(x). What is the greatest common divisor of 217 and z?
31
Let t = 1893 + -1865. Let f(l) = -l + 8. Let n be f(-6). Calculate the greatest common divisor of n and t.
14
Let q = 45 - 41. Let s be (((-168)/q)/(-3))/(-1 + 2). Suppose 0 = 2*c + c - 126. Calculate the highest common divisor of s and c.
14
Let s = -8 + 5. Let f = -6 - s. Let q be 0 - (f + (-5 - -4)). What is the greatest common factor of 36 and q?
4
Suppose 0 = 4*a - 20, 5*n - 2*a = -12 + 92. What is the greatest common divisor of n and 36?
18
Let a be (5/2 + -1)/((-3)/(-712)). What is the highest common divisor of a and 4?
4
Suppose -4*c - 5*g + 609 = -4050, 5*c - 5796 = 3*g. Calculate the highest common factor of c and 81.
27
Suppose 5*a + 5*d - 30 = 0, -2*a - 5*d + 16 = -d. Suppose -a*q = -2*q - 160. Suppose -50 = -3*y - 20. Calculate the greatest common divisor of q and y.
10
Let t = -750 - -802. What is the greatest common factor of t and 1378?
26
Let y = 75 - 45. Let c be 30/(y/6) - -3. Calculate the highest common divisor of c and 18.
9
Let i(h) = -6*h. Let j(n) = -5*n + 1. Let t(c) = 3*i(c) - 4*j(c). Let q be t(3). Let a be 4*q/(-4)*-7. What is the highest common factor of 154 and a?
14
Let b be (((-102)/(-4))/(-1))/(35/(-210)). Calculate the greatest common factor of 51 and b.
51
Suppose -8*s = -213 - 291. Let r(g) = -2*g**3 + 2. Let o be r(-2). What is the highest common factor of s and o?
9
Let s be (-5)/3*30/(-50). Calculate the greatest common divisor of s and 83.
1
Let z(s) = 90*s + 14. Let i be z(14). What is the highest common divisor of i and 14?
14
Let i be 42/(-140) + (-1215)/(-50). Let p(t) = 38*t**2 + t + 1. Let a be p(1). What is the greatest common divisor of i and a?
8
Let p be 0 + 1/2*10. Suppose 5*z = -p*r + z + 67, -4*r + 5*z = -29. What is the greatest common divisor of r and 44?
11
Suppose -2*p + 10 = 2*k, 2*k - 5*k = 5*p - 35. Suppose -12*y + 26 = -p*y. Calculate the highest common factor of y and 65.
13
Let w(r) = r**3 - 12*r**2 + 35*r - 12. Let f be w(8). What is the highest common divisor of f and 1524?
12
Let k be 14 + (-2)/5*20. What is the greatest common divisor of 168 and k?
6
Let s(j) = j**3 + 9*j**2 - 24*j - 10. Let f = 16 + -27. Let r be s(f). Calculate the highest common factor of r and 108.
12
Suppose -15*t + 42 + 123 = 0. What is the greatest common divisor of 1 and t?
1
Suppose 30*x - 5224 = 7256. What is the highest common divisor of x and 32?
32
Let s = 9 + -9. Suppose -3*d + 4*a - 12 = -2*d, 5*a - 20 = s. Let u be -12*d*2/(-6). Calculate the greatest common divisor of u and 8.
8
Let g(p) = -p**3 - 3*p**2 + 3*p - 3. Let i be g(-4). Suppose -164 + 166 = 2*s. Calculate the greatest common divisor of s and i.
1
Let n(g) = g**3 - 13*g**2 + 47*g. Let w be n(11). Calculate the highest common divisor of w and 33.
11
Suppose 238 = 3*c + 7. Let w(h) = 2*h**2 - 16*h + 7. Let p be w(9). Let u = p - 18. What is the greatest common divisor of c and u?
7
Let z = -365 + 422. What is the highest common factor of z and 76?
19
Let s(f) = f**3 - 2*f**2 - 8*f + 3. Suppose -3 = 5*d - 23. Let r be s(d). What is the highest common divisor of 21 and r?
3
Let q(k) = 4*k**2 + k. Let b be q(1). Suppose -b*w = 4 - 19. What is the highest common factor of w and 1?
1
Let s(b) = 7*b - 24. Let g(j) = -15*j + 49. Let t(v) = -3*g(v) - 7*s(v). Let i be t(0). What is the greatest common divisor of 147 and i?
21
Suppose 3*k - i - 54 = 38, -20 = -k + 3*i. Suppose 4*o - 4*c + 38 = 7*o, -5*o = -2*c - 20. Let l = o + 10. What is the highest common divisor of l and k?
16
Suppose 0 = 2*s - 2*m - 260, -2*s + 5*m - 2*m + 257 = 0. Suppose -4*a + 5*r + 91 = 0, 0*a - 2*r - 25 = -a. Calculate the highest common divisor of a and s.
19
Suppose 5*z = 6*z + 27. Let b be (-1 + 4)/(z/(-18)). Calculate the highest common divisor of 4 and b.
2
Let m be 245 + ((-1)/(-7))/(1/7). What is the greatest common factor of 18 and m?
6
Suppose 6*j = 10*j - 160. Let y be (4*15/j)/(2/24). What is the highest common factor of y and 6?
6
Let a = 150 + -50. Calculate the highest common divisor of a and 260.
20
Let m be (-7 - 172/(-24))/((-2)/(-228)). What is the greatest common factor of m and 285?
19
Suppose -f - 42 = -102. Suppose -2*v = g - f, -g - 3*v + 125 = g. Calculate the highest common divisor of 10 and g.
10
Let y(i) = 61*i + 34. Let n be y(3). What is the highest common divisor of 31 and n?
31
Suppose 14 = d + 2*k, -4*d = -9*d + 5*k + 25. Calculate the greatest common factor of d and 46.
2
Let q be 8 + (-7 - 5) + (-129)/(-1). What is the greatest common factor of q and 15?
5
Suppose 6*w - 30 = 162. What is the greatest common divisor of 256 and w?
32
Let x = 0 - 13. Let t be (-3)/(3/(x + -2)). What is the greatest common factor of t and 6?
3
Suppose 4*s + 64 = 8*s + b, 2*s = -5*b + 32. Suppose 0 = -f - 3*j + 28, -5*f - 3*j + 4*j + 76 = 0. What is the highest common factor of f and s?
16
Let a = 70 + -68. Suppose -y = -c - 5*y + 340, -c + a*y + 316 = 0. What is the highest common factor of c and 36?
36
Suppose -23*n = -27*n + 4. Suppose -2*p = -11 + 1. What is the highest common divisor of n and p?
1
Let o = -8 + 17. Let c be 24/(-18)*o/(-6). Suppose 4*b = -5*r + 50 + 13, c*b - 29 = -3*r. What is the highest common factor of b and 154?
22
Let g be (-3)/(-2) - (-4)/8. Let b = 4 + g. Suppose -2*r + b = -0*r. What is the greatest common divisor of 2 and r?
1
Let c be (2 + 0)/((-7)/(-28)). Let n be 3*(-1 - 0) + 51. What is the highest common factor of n and c?
8
Suppose 17 = u + 6. Let q(k) = 2*k**2 - 24*k + 25. Let a be q(u). What is the highest common factor of a and 21?
3
Suppose -4*v + 6*v = -30. Let m = -11 - v. Let r be 6/m*(-28)/(-6). Calculate the greatest common factor of r and 14.
7
Let v(t) = t**2 - 12*t. Let j be v(11). Let m = 13 + j. Suppose 3*a - k - m*k = 255, a + 3*k - 69 = 0. What is the highest common divisor of 9 and a?
9
Let o = -274 + 66. Let t = o - -527. What is the greatest common divisor of 29 and t?
29
Let d = -1074 - -1296. Calculate the greatest common divisor of d and 12.
6
Suppose 13*z + 43 = 121. What is the highest common factor of z and 22?
2
Let k be (-42)/4*(432/7)/(-3). Suppose -3*p + 84 = 3*o, 3*o - 82 = -p - 0*p. What is the highest common divisor of k and o?
27
Suppose -3*g + c = -50, 2*g = 2*c + 19 + 21. What is the greatest common factor of 65 and g?
5
Let h(w) = -27*w**3 - w**2 + w + 1. Let n be h(-1). What is the greatest common divisor of 52 and n?
26
Let x(f) = 38*f + 925. Let q be x(-20). Calculate the greatest common factor of q and 90.
15
Let a = 52 - -147. Suppose 57 + a = 2*c. Suppose 0 = -2*k + 7*k - 80. Calculate the highest common factor of k and c.
16
Let p be -3 - 1*(-5 + 2). Let s(q) = q + 24. Let t be s(p). What is the highest common divisor of 60 and t?
